{"id":133,"date":"2021-08-11T13:20:19","date_gmt":"2021-08-11T13:20:19","guid":{"rendered":"http:\/\/level76.pl\/?page_id=133"},"modified":"2021-08-11T17:05:05","modified_gmt":"2021-08-11T17:05:05","slug":"mapa-drogowa","status":"publish","type":"page","link":"https:\/\/level76.pl\/index.php\/mapa-drogowa\/","title":{"rendered":"Mapa Drogowa"},"content":{"rendered":"\n<p><strong>Po badaniu przygotowujemy map\u0119 drogow\u0105, kt\u00f3ra jest jednym z kluczowych element\u00f3w&nbsp; dojrza\u0142o\u015bci procesowej firmy. <\/strong><\/p>\n\n\n\n<p>Przedstawia w klarowny spos\u00f3b obecny poziom rozwoju przedsi\u0119biorstwa, a tak\u017ce wytycza \u015bcie\u017cki i drog\u0119 do wdro\u017cenia planowanych zmian i usprawnie\u0144.<\/p>\n\n\n\n<p>Taka mapa drogowa wskazuje wszystkie problemy w dzia\u0142alno\u015bci oraz definiuje cele, kt\u00f3re powinny zosta\u0107 osi\u0105gni\u0119te w przysz\u0142o\u015bci.<\/p>\n\n\n\n<p>Stworzenie mapy drogowej jest te\u017c konieczne podczas konkurs\u00f3w, kt\u00f3re wy\u0142oni\u0105 przedsi\u0119biorstwa otrzymuj\u0105ce wsparcie finansowe lub informacyjne, np. w oferowanym obecnie przez PARP konkursie grantowym.<\/p>\n\n\n\n<p><\/p>\n\n\n\n<p><\/p>\n","protected":false},"excerpt":{"rendered":"<p>Po badaniu przygotowujemy map\u0119 drogow\u0105, kt\u00f3ra jest jednym z kluczowych element\u00f3w&nbsp; dojrza\u0142o\u015bci procesowej firmy. Przedstawia w klarowny spos\u00f3b obecny poziom rozwoju przedsi\u0119biorstwa, a tak\u017ce wytycza \u015bcie\u017cki i drog\u0119 do wdro\u017cenia planowanych zmian i usprawnie\u0144. Taka mapa drogowa wskazuje wszystkie problemy w dzia\u0142alno\u015bci oraz definiuje cele, kt\u00f3re powinny zosta\u0107 osi\u0105gni\u0119te w przysz\u0142o\u015bci. Stworzenie mapy drogowej jest &hellip; <\/p>\n<p class=\"link-more\"><a href=\"https:\/\/level76.pl\/index.php\/mapa-drogowa\/\" class=\"more-link\">Czytaj dalej<span class=\"screen-reader-text\"> \u201eMapa Drogowa\u201d<\/span><\/a><\/p>\n","protected":false},"author":1,"featured_media":0,"parent":0,"menu_order":0,"comment_status":"closed","ping_status":"closed","template":"","meta":{"footnotes":""},"class_list":["post-133","page","type-page","status-publish","hentry"],"_links":{"self":[{"href":"https:\/\/level76.pl\/index.php\/wp-json\/wp\/v2\/pages\/133","targetHints":{"allow":["GET"]}}],"collection":[{"href":"https:\/\/level76.pl\/index.php\/wp-json\/wp\/v2\/pages"}],"about":[{"href":"https:\/\/level76.pl\/index.php\/wp-json\/wp\/v2\/types\/page"}],"author":[{"embeddable":true,"href":"https:\/\/level76.pl\/index.php\/wp-json\/wp\/v2\/users\/1"}],"replies":[{"embeddable":true,"href":"https:\/\/level76.pl\/index.php\/wp-json\/wp\/v2\/comments?post=133"}],"version-history":[{"count":7,"href":"https:\/\/level76.pl\/index.php\/wp-json\/wp\/v2\/pages\/133\/revisions"}],"predecessor-version":[{"id":210,"href":"https:\/\/level76.pl\/index.php\/wp-json\/wp\/v2\/pages\/133\/revisions\/210"}],"wp:attachment":[{"href":"https:\/\/level76.pl\/index.php\/wp-json\/wp\/v2\/media?parent=133"}],"curies":[{"name":"wp","href":"https:\/\/api.w.org\/{rel}","templated":true}]}}