{"id":284,"date":"2022-11-22T18:30:41","date_gmt":"2022-11-22T18:30:41","guid":{"rendered":"https:\/\/level76.pl\/?page_id=284"},"modified":"2022-12-07T10:03:50","modified_gmt":"2022-12-07T10:03:50","slug":"4-proste-rozwiazania-na-4-najczestsze-problemy-w-marketingu-i-sprzedazy-ktore-pokonalismy-w-firmach-produkcyjnych","status":"publish","type":"page","link":"https:\/\/level76.pl\/index.php\/strona-glowna\/4-proste-rozwiazania-na-4-najczestsze-problemy-w-marketingu-i-sprzedazy-ktore-pokonalismy-w-firmach-produkcyjnych\/","title":{"rendered":"Jakie cztery zmiany powinni\u015bmy wprowadzi\u0107, \u017ceby uodporni\u0107 firm\u0119 na znacz\u0105cy spadek zam\u00f3wie\u0144 &#8211; webinar 13.12.2022"},"content":{"rendered":"\n<p class=\"has-text-align-center has-medium-font-size\"><strong>Serdecznie zapraszamy na bezp\u0142atny webinar<\/strong><\/p>\n\n\n\n<h2 class=\"has-text-align-center has-vivid-purple-color has-text-color has-large-font-size wp-block-heading\"><strong>Jakie cztery zmiany powinni\u015bmy wprowadzi\u0107, \u017ceby uodporni\u0107 firm\u0119 na znacz\u0105cy spadek zam\u00f3wie\u0144<\/strong><\/h2>\n\n\n\n<div style=\"height:20px\" aria-hidden=\"true\" class=\"wp-block-spacer\"><\/div>\n\n\n<div class=\"wp-block-image\">\n<figure class=\"aligncenter size-large\"><img loading=\"lazy\" decoding=\"async\" width=\"1024\" height=\"390\" src=\"https:\/\/level76.pl\/wp-content\/uploads\/2022\/12\/webinar_13122022-1024x390.jpg\" alt=\"\" class=\"wp-image-326\" srcset=\"https:\/\/level76.pl\/wp-content\/uploads\/2022\/12\/webinar_13122022-1024x390.jpg 1024w, https:\/\/level76.pl\/wp-content\/uploads\/2022\/12\/webinar_13122022-300x114.jpg 300w, https:\/\/level76.pl\/wp-content\/uploads\/2022\/12\/webinar_13122022-768x292.jpg 768w, https:\/\/level76.pl\/wp-content\/uploads\/2022\/12\/webinar_13122022-1536x584.jpg 1536w, https:\/\/level76.pl\/wp-content\/uploads\/2022\/12\/webinar_13122022.jpg 1640w\" sizes=\"auto, (max-width: 706px) 89vw, (max-width: 767px) 82vw, 740px\" \/><\/figure><\/div>\n\n\n<p style=\"font-size:16px\"><\/p>\n\n\n\n<hr class=\"wp-block-separator has-text-color has-vivid-purple-color has-alpha-channel-opacity has-vivid-purple-background-color has-background is-style-wide\"\/>\n\n\n\n<p>Wsp\u00f3lnie z Krzysztofem Jurg\u0105 i Bart\u0142omiejem Lux organizujemy webinar, podczas kt\u00f3rego podzielimy si\u0119 naszymi do\u015bwiadczeniami z firm handlowo &#8211; produkcyjnych, kt\u00f3re zmaga\u0142y si\u0119 ze spadkiem zam\u00f3wie\u0144. Skupimy si\u0119 na czterech przyk\u0142adach, poka\u017cemy liczby, gotowe rozwi\u0105zania wraz z du\u017c\u0105 dawk\u0105 praktycznej wiedzy.<br><\/p>\n\n\n\n<div class=\"wp-block-buttons is-content-justification-center is-layout-flex wp-container-core-buttons-is-layout-16018d1d wp-block-buttons-is-layout-flex\">\n<div class=\"wp-block-button aligncenter has-custom-font-size\" style=\"font-size:18px\"><a class=\"wp-block-button__link has-vivid-purple-background-color has-background wp-element-button\" href=\"https:\/\/zoom.us\/webinar\/register\/WN_6VRcX1a_Rq-eeUo6e19gWg\">Zapisz si\u0119 bezp\u0142atnie<\/a><\/div>\n<\/div>\n\n\n\n<div style=\"height:20px\" aria-hidden=\"true\" class=\"wp-block-spacer\"><\/div>\n\n\n\n<hr class=\"wp-block-separator has-text-color has-vivid-purple-color has-alpha-channel-opacity has-vivid-purple-background-color has-background is-style-wide\"\/>\n\n\n\n<h2 class=\"has-text-align-center has-vivid-purple-color has-text-color has-medium-font-size wp-block-heading\"><strong><strong>Dla kogo jest to wydarzenie?<\/strong><\/strong><\/h2>\n\n\n\n<p style=\"font-size:15px\"><strong>Nasz webinar adresujemy do:<\/strong><\/p>\n\n\n\n<ul class=\"wp-block-list\">\n<li>do w\u0142a\u015bcicieli, prezes\u00f3w, dyrektor\u00f3w, kt\u00f3rzy chc\u0105 dowiedzie\u0107 si\u0119, dlatego warto zainteresowa\u0107 si\u0119 sp\u00f3jnymi dzia\u0142aniami marketingowymi.<\/li>\n\n\n\n<li>tych wszystkich, kt\u00f3rzy pracuj\u0105 w sprzeda\u017cy i marketingu w swoich firmach,<\/li>\n\n\n\n<li>os\u00f3b odpowiedzialnych za rozw\u00f3j,<\/li>\n\n\n\n<li>os\u00f3b odpowiedzialnych za pozyskiwanie nowych klient\u00f3w.<\/li>\n<\/ul>\n\n\n\n<hr class=\"wp-block-separator has-text-color has-vivid-purple-color has-alpha-channel-opacity has-vivid-purple-background-color has-background is-style-wide\"\/>\n\n\n\n<h2 class=\"has-text-align-center has-vivid-purple-color has-text-color has-medium-font-size wp-block-heading\"><strong>Korzy\u015bci z udzia\u0142u:<\/strong><\/h2>\n\n\n\n<ul class=\"wp-block-list\">\n<li>Podczas webinaru dok\u0142adnie om\u00f3wimy problemy.<\/li>\n\n\n\n<li>Podamy przyk\u0142ad firmy, kt\u00f3rej dotyczy\u0142y te problemy.<\/li>\n\n\n\n<li>Podamy rozwi\u0105zanie, kt\u00f3re zadzia\u0142a\u0142o.<\/li>\n\n\n\n<li>Podamy mo\u017cliwe alternatywy.<\/li>\n\n\n\n<li>Odpowiemy te\u017c na pytania zadane podczas webinaru.<\/li>\n<\/ul>\n\n\n\n<hr class=\"wp-block-separator has-text-color has-vivid-purple-color has-alpha-channel-opacity has-vivid-purple-background-color has-background is-style-wide\"\/>\n\n\n\n<h2 class=\"has-text-align-center has-vivid-purple-color has-text-color has-medium-font-size wp-block-heading\"><strong>Prowadz\u0105cy:<\/strong><\/h2>\n\n\n\n<figure class=\"wp-block-table is-style-stripes has-small-font-size\"><table class=\"has-white-background-color has-background has-fixed-layout\"><tbody><tr><td class=\"has-text-align-center\" data-align=\"center\"><img loading=\"lazy\" decoding=\"async\" width=\"150\" height=\"150\" class=\"wp-image-286\" style=\"width: 150px;\" src=\"http:\/\/level76.pl\/wp-content\/uploads\/2022\/11\/Kris.png\" alt=\"\" srcset=\"https:\/\/level76.pl\/wp-content\/uploads\/2022\/11\/Kris.png 150w, https:\/\/level76.pl\/wp-content\/uploads\/2022\/11\/Kris-100x100.png 100w\" sizes=\"auto, (max-width: 150px) 100vw, 150px\" \/><\/td><td class=\"has-text-align-center\" data-align=\"center\"><img loading=\"lazy\" decoding=\"async\" width=\"150\" height=\"150\" class=\"wp-image-310\" style=\"width: 150px;\" src=\"http:\/\/level76.pl\/wp-content\/uploads\/2022\/12\/BL.png\" alt=\"\" srcset=\"https:\/\/level76.pl\/wp-content\/uploads\/2022\/12\/BL.png 150w, https:\/\/level76.pl\/wp-content\/uploads\/2022\/12\/BL-100x100.png 100w\" sizes=\"auto, (max-width: 150px) 100vw, 150px\" \/><\/td><\/tr><tr><td class=\"has-text-align-center\" data-align=\"center\"><strong>Krzysztof Jurga<\/strong><br>JBS Europe<br><br>Trener i konsultant, w\u0142a\u015bciciel JBS Europe, in\u017cynier i dziennikarz, 11 lat publikowa\u0142 na \u0142amach Gazety Wyborczej, wsp\u00f3\u0142autor 2 ksi\u0105\u017cek wydawnictwa Agora. Po powrocie z Australii za\u0142o\u017cy\u0142 JBS Europe. Pomaga\u0142 takim firmom jak SAP, Vendo.ERP i wielu innym. Regularnie prowadzi szkolenia, bywa prelegentem i wyk\u0142adowc\u0105.<br><br><br><br><\/td><td class=\"has-text-align-center\" data-align=\"center\"><strong>Bart\u0142omiej Lux<\/strong><br>Level76<br>CFI Systemy Informatyczne<br><br>Ponad 20 letnie do\u015bwiadczenie w konsultingu, sprzeda\u017cy, marketingu. Pracowa\u0142 dla&nbsp; Grupy Macrologic, Amtra, Simple S.A., One2tribe. Do\u015bwiadczenie zdobywa\u0142 w licznych projektach na stanowiskach od Konsultanta, Kierownika Projektu po Dyrektora Sprzeda\u017cy. Swoj\u0105 wiedz\u0119 poszerza\u0142 nie tylko pracuj\u0105c w bran\u017cy IT i r\u00f3wnie\u017c w bran\u017cy FMCG. &nbsp;Od 5 lat rozwija firm\u0119 CFI Systemy Informatyczne i buduje mark\u0119 VENDO.ERP. Jest wsp\u00f3\u0142autorem podr\u0119cznika na studia MBA \u2013 HR Business Partner. Prowadzi szkolenia oraz go\u015bcinnie wyk\u0142ady na studiach MBA.<\/td><\/tr><\/tbody><\/table><\/figure>\n\n\n\n<p class=\"has-text-align-center has-medium-font-size\"><strong>13 grudnia 2022, godz. 10:30<\/strong><\/p>\n\n\n\n<p class=\"has-text-align-center\">Czas trwania: 55 min<\/p>\n\n\n\n<div class=\"wp-block-buttons is-layout-flex wp-block-buttons-is-layout-flex\">\n<div class=\"wp-block-button aligncenter has-custom-font-size\" style=\"font-size:18px\"><a class=\"wp-block-button__link has-vivid-purple-background-color has-background wp-element-button\" href=\"https:\/\/zoom.us\/webinar\/register\/WN_6VRcX1a_Rq-eeUo6e19gWg\">Zapisz si\u0119 bezp\u0142atnie<\/a><\/div>\n<\/div>\n\n\n\n<div style=\"height:20px\" aria-hidden=\"true\" class=\"wp-block-spacer\"><\/div>\n\n\n\n<p class=\"has-text-align-center\"><strong><em>Uwaga: Liczba miejsc ograniczona! Liczy si\u0119 kolejno\u015b\u0107 zapis\u00f3w!<\/em><\/strong><\/p>\n\n\n\n<h2 class=\"has-text-align-center has-vivid-purple-color has-text-color has-medium-font-size wp-block-heading\"><strong>Referencja<\/strong><\/h2>\n\n\n\n<figure class=\"wp-block-image size-large is-resized\"><img loading=\"lazy\" decoding=\"async\" src=\"https:\/\/level76.pl\/wp-content\/uploads\/2022\/12\/Head-of-Marketing-Hurtownia-Long.png\" alt=\"\" class=\"wp-image-329\" width=\"674\" height=\"334\" srcset=\"https:\/\/level76.pl\/wp-content\/uploads\/2022\/12\/Head-of-Marketing-Hurtownia-Long.png 587w, https:\/\/level76.pl\/wp-content\/uploads\/2022\/12\/Head-of-Marketing-Hurtownia-Long-300x149.png 300w\" sizes=\"auto, (max-width: 674px) 100vw, 674px\" \/><\/figure>\n","protected":false},"excerpt":{"rendered":"<p>Serdecznie zapraszamy na bezp\u0142atny webinar Jakie cztery zmiany powinni\u015bmy wprowadzi\u0107, \u017ceby uodporni\u0107 firm\u0119 na znacz\u0105cy spadek zam\u00f3wie\u0144 Wsp\u00f3lnie z Krzysztofem Jurg\u0105 i Bart\u0142omiejem Lux organizujemy webinar, podczas kt\u00f3rego podzielimy si\u0119 naszymi do\u015bwiadczeniami z firm handlowo &#8211; produkcyjnych, kt\u00f3re zmaga\u0142y si\u0119 ze spadkiem zam\u00f3wie\u0144. Skupimy si\u0119 na czterech przyk\u0142adach, poka\u017cemy liczby, gotowe rozwi\u0105zania wraz z du\u017c\u0105 &hellip; <\/p>\n<p class=\"link-more\"><a href=\"https:\/\/level76.pl\/index.php\/strona-glowna\/4-proste-rozwiazania-na-4-najczestsze-problemy-w-marketingu-i-sprzedazy-ktore-pokonalismy-w-firmach-produkcyjnych\/\" class=\"more-link\">Czytaj dalej<span class=\"screen-reader-text\"> \u201eJakie cztery zmiany powinni\u015bmy wprowadzi\u0107, \u017ceby uodporni\u0107 firm\u0119 na znacz\u0105cy spadek zam\u00f3wie\u0144 &#8211; webinar 13.12.2022\u201d<\/span><\/a><\/p>\n","protected":false},"author":1,"featured_media":0,"parent":2,"menu_order":0,"comment_status":"closed","ping_status":"closed","template":"","meta":{"footnotes":""},"class_list":["post-284","page","type-page","status-publish","hentry"],"_links":{"self":[{"href":"https:\/\/level76.pl\/index.php\/wp-json\/wp\/v2\/pages\/284","targetHints":{"allow":["GET"]}}],"collection":[{"href":"https:\/\/level76.pl\/index.php\/wp-json\/wp\/v2\/pages"}],"about":[{"href":"https:\/\/level76.pl\/index.php\/wp-json\/wp\/v2\/types\/page"}],"author":[{"embeddable":true,"href":"https:\/\/level76.pl\/index.php\/wp-json\/wp\/v2\/users\/1"}],"replies":[{"embeddable":true,"href":"https:\/\/level76.pl\/index.php\/wp-json\/wp\/v2\/comments?post=284"}],"version-history":[{"count":35,"href":"https:\/\/level76.pl\/index.php\/wp-json\/wp\/v2\/pages\/284\/revisions"}],"predecessor-version":[{"id":334,"href":"https:\/\/level76.pl\/index.php\/wp-json\/wp\/v2\/pages\/284\/revisions\/334"}],"up":[{"embeddable":true,"href":"https:\/\/level76.pl\/index.php\/wp-json\/wp\/v2\/pages\/2"}],"wp:attachment":[{"href":"https:\/\/level76.pl\/index.php\/wp-json\/wp\/v2\/media?parent=284"}],"curies":[{"name":"wp","href":"https:\/\/api.w.org\/{rel}","templated":true}]}}